t of 22384487?
4
What is the ten millions digit of 638710760?
3
What is the millions digit of 1610277773?
0
What is the millions digit of 79107822?
9
What is the ten millions digit of 35696099?
3
What is the hundred thousands digit of 142906738?
9
What is the thousands digit of 891726120?
6
What is the tens digit of 91321869?
6
What is the units digit of 145374424?
4
What is the thousands digit of 315412845?
2
What is the thousands digit of 519416766?
6
What is the ten thousands digit of 35229237?
2
What is the hundreds digit of 6044444?
4
What is the millions digit of 695668451?
5
What is the billions digit of 4663233410?
4
What is the units digit of 207153107?
7
What is the millions digit of 500271773?
0
What is the hundred thousands digit of 98106691?
1
What is the thousands digit of 109422795?
2
What is the tens digit of 99276844?
4
What is the thousands digit of 345282256?
2
What is the ten millions digit of 170962121?
7
What is the millions digit of 6275506?
6
What is the ten millions digit of 154227584?
5
What is the millions digit of 40533327?
0
What is the hundreds digit of 32099?
0
What is the tens digit of 138374552?
5
What is the hundreds digit of 1303184566?
5
What is the ten millions digit of 278284456?
7
What is the ten millions digit of 64313144?
6
What is the units digit of 115663502?
2
What is the billions digit of 3645828842?
3
What is the units digit of 3168114?
4
What is the ten thousands digit of 39070308?
7
What is the billions digit of 1232248649?
1
What is the thousands digit of 63308531?
8
What is the tens digit of 928548552?
5
What is the hundred thousands digit of 22908323?
9
What is the thousands digit of 1724239433?
9
What is the units digit of 270617196?
6
What is the hundred millions digit of 309560065?
3
What is the units digit of 223863107?
7
What is the hundred thousands digit of 80480744?
4
What is the thousands digit of 4781587783?
7
What is the hundred millions digit of 4861215969?
8
What is the ten thousands digit of 323679045?
7
What is the tens digit of 300227240?
4
What is the thousands digit of 1029201?
9
What is the thousands digit of 328721700?
1
What is the ten millions digit of 2033265568?
3
What is the hundreds digit of 201451430?
4
What is the millions digit of 788994946?
8
What is the thousands digit of 104751480?
1
What is the hundreds digit of 3631288725?
7
What is the ten millions digit of 148774553?
4
What is the ten thousands digit of 139528899?
2
What is the ten thousands digit of 35241714?
4
What is the hundreds digit of 96708754?
7
What is the ten thousands digit of 1402235296?
3
What is the hundred millions digit of 1330242631?
3
What is the millions digit of 27072787?
7
What is the ten millions digit of 26630673?
2
What is the ten millions digit of 127169078?
2
What is the billions digit of 4442283856?
4
What is the ten thousands digit of 385240555?
4
What is the hundred thousands digit of 4713990521?
9
What is the ten millions digit of 1452750372?
5
What is the ten thousands digit of 1224112765?
1
What is the units digit of 14969898?
8
What is the hundreds digit of 1013369780?
7
What is the millions digit of 57943308?
7
What is the units digit of 457955135?
5
What is the billions digit of 2767677327?
2
What is the millions digit of 80522827?
0
What is the hundreds digit of 199866128?
1
What is the hundred millions digit of 1955569404?
9
What is the hundred thousands digit of 66849084?
8
What is the hundred thousands digit of 81001555?
0
What is the tens digit of 822431474?
7
What is the hundreds digit of 245550393?
3
What is the ten thousands digit of 439942330?
4
What is the hundred millions digit of 230722501?
2
What is the ten thousands digit of 44413714?
1
What is the hundred thousands digit of 34405581?
4
What is the thousands digit of 50398616?
8
What is the millions digit of 1037931202?
7
What is the units digit of 78941778?
8
What is the units digit of 1769761483?
3
What is the hundreds digit of 30814556?
5
What is the hundred thousands digit of 99658459?
6
What is the hundred thousands digit of 192816836?
8
What is the hundred thousands digit of 184025480?
0
What is the units digit of 708053603?
3
What is the units digit of 226359892?
2
What is the hundred thousands digit of 240435932?
4
What is the hundred thousands digit of 2735693365?
6
What is the hundred thousands digit of 45621332?
6
What is the ten millions digit of 36535545?
3
What is the hundred thousands digit of 4332165208?
1
What is the thousands digit of 95398959?
8
What is the hundreds digit of 2144913106?
1
What is the hundred thousands digit of 176162583?
1
What is the thousands digit of 33057285?
7
What is the units digit of 133527222?
2
What is the ten thousands digit of 52500653?
0
What is the millions digit of 166315977?
6
What is the ten millions digit of 1156941794?
5
What is the ten millions digit of 27168464?
2
What is the millions digit of 134736089?
4
What is the units digit of 119801922?
2
What is the thousands digit of 102966819?
6
What is the ten thousands digit of 54710143?
1
What is the tens digit of 121578778?
7
What is the ten thousands digit of 187152437?
5
What is the thousands digit of 694603048?
3
What is the tens digit of 4443527143?
4
What is the thousands digit of 109228706?
8
What is the ten thousands digit of 594882318?
8
What is the hundred thousands digit of 120514795?
5
What is the ten thousands digit of 37989109?
8
What is the hundred millions digit of 917365063?
9
What is the hundreds digit of 720909987?
9
What is the hundred thousands digit of 16205985?
2
What is the tens digit of 126508092?
9
What is the ten thousands digit of 66782830?
8
What is the units digit of 4635557176?
6
What is the ten thousands digit of 340129668?
2
What is the millions digit of 44785363?
4
What is the tens digit of 168437241?
4
What is the thousands digit of 71494430?
4
What is the units digit of 9430646?
6
What is the units digit of 75606659?
9
What is the tens digit of 5073018489?
8
What is the hundred thousands digit of 1167016387?
0
What is the billions digit of 5048515896?
5
What is the millions digit of 518661909?
8
What is the units digit of 3966149380?
0
What is the tens digit of 208538919?
1
What is the ten millions digit of 355507541?
5
What is the millions digit of 32670167?
2
What is the hundred thousands digit of 2112979165?
9
What is the hundreds digit of 22122993?
9
What is the tens digit of 235658561?
6
What is the millions digit of 3587286?
3
What is the ten thousands digit of 2362829216?
2
What is the ten millions digit of 429347751?
2
What is the ten millions digit of 15376863?
1
What is the millions digit of 350054796?
0
What is the hundred thousands digit of 225747233?
7
What is the tens digit of 101277943?
4
What is the hundred thousands digit of 678656301?
6
What is the ten thousands digit of 894164896?
6
What is the hundreds digit of 715987805?
8
What is the ten thousands digit of 364721019?
2
What is the millions digit of 623485518?
3
What is the hundreds digit of 129166994?
9
What is the ten millions digit of 50285083?
5
What is the thousands digit of 1281024700?
4
What is the hundred thousands digit of 518675782?
6
What is the hundreds digit of 1453295100?
1
What is the hundred thousands digit of 133566999?
5
What is the ten millions digit of 1200549606?
0
What is the hundreds digit of 60287306?
3
What is the millions digit of 499923749?
9
What is the thousands digit of 438579527?
9
What is the thousands digit of 74022021?
2
What is the hundreds digit of 132151757?
7
What is the tens digit of 41476142?
4
What is the hundred millions digit of 308228167?
3
What is the ten millions digit of 156568085?
5
What is the hundred thousands digit of 55541895?
5
What is the millions digit of 412583771?
2
What is the hundred millions digit of 8283843208?
2
What is the hundreds digit of 69010116?
1
What is the tens digit of 386330803?
0
What is the hundred thousands digit of 492899704?
8
What is the millions digit of 119409323?
9
What is the hundreds digit of 649646392?
3
What is the millions digit of 48488900?
8
What is the ten millions digit of 98226764?
9
What is the units digit of 589183478?
8
What is the hundred millions digit of 1807267078?
8
What is the millions digit of 185